 is the remainder when (-15)/(-6)*(0 + 12) is divided by o?
6
Let t = 16 + -20. Let q be 0/t + 3 + 31. Suppose 3*f - 5*f = -q. What is the remainder when f is divided by 10?
7
Let x be 5/(5/3) - 0. Let t(h) = 39*h - 6. Let z be t(x). Suppose z = 3*j + 30. What is the remainder when j is divided by 15?
12
Let l = -5272 - -5391. Let i(g) = -6*g**3 - 2*g**2 + 1. Calculate the remainder when l is divided by i(-2).
37
Let k(u) be the first derivative of u**4/4 + 3*u**3 + u**2 + 2*u + 1. Let b be k(-8). Let j = 73 - b. Calculate the remainder when 91 is divided by j.
22
Let o = -748 - -1057. What is the remainder when o is divided by 39?
36
Calculate the remainder when (44/22)/(0 + 1/37) is divided by 41.
33
Let j = 58 + -52. Suppose -v = j - 37. What is the remainder when v is divided by 11?
9
Let a(y) = -y**3 - 16*y**2 - 33*y - 53. What is the remainder when 81 is divided by a(-14)?
13
Let u(b) = 3*b**2 + 10*b + 21. What is the remainder when u(-11) is divided by 14?
8
Let z(u) = u**3 - 6*u**2 + 8. Let r(p) = p**2 + p + 4. Let t be r(-2). What is the remainder when 15 is divided by z(t)?
7
Let m(s) be the second derivative of s**5/20 + 5*s**4/3 + 41*s**3/6 + 11*s**2/2 + 39*s. Calculate the remainder when m(-17) is divided by 46.
43
What is the remainder when -2 - 480/(-5) - -3 is divided by (2/(-4))/(3/(-84))?
13
Let m(t) = t**3 - 2*t**2 - 3*t - 5 + 12 + 1. What is the remainder when m(4) is divided by 10?
8
Let t(u) = 21*u + 1. Let d be 7*((-36)/21 - -2). What is the remainder when t(d) is divided by 11?
10
Suppose -3*c + 2*k = -198, 2*c - 131 = -0*c + k. What is the remainder when c is divided by 13?
12
Let i = 61 + -56. Calculate the remainder when 24 is divided by i.
4
Let j(a) = 3*a**2 - 9*a + 7. Let g(l) = -6*l**2 + 19*l - 15. Let y(m) = 4*g(m) + 9*j(m). Calculate the remainder when 74 is divided by y(3).
14
Let q(z) = -z**3 + 20*z**2 + 6*z + 2. What is the remainder when q(20) is divided by 31?
29
Let g = -496 - -561. Calculate the remainder when 249 is divided by g.
54
Suppose l - 43 = 76. What is the remainder when l is divided by 36?
11
What is the remainder when 6*-1*(-45)/6 is divided by 12?
9
Let s(m) = m - 19. Let q(o) = 4*o - 77. Let p(g) = 2*q(g) - 9*s(g). Calculate the remainder when 41 is divided by p(8).
5
Let r be (4 + -4)/((-1)/(-1)). Let v = 33 - 8. What is the remainder when r/(-5) - 196/(-2) is divided by v?
23
Suppose 4*i + 5*k - 132 = 0, -66 = -2*i - 15*k + 11*k. Suppose -4*g = -x - 0*x - 53, -44 = -2*g + 4*x. What is the remainder when i is divided by g?
9
Let w = -202 - -224. What is the remainder when 364 is divided by w?
12
Suppose -4*v + 286 = 4*c - 330, 3*c - 148 = -v. What is the remainder when v is divided by 53?
51
Calculate the remainder when (-15)/(-35) - 1/(7/(-228)) is divided by 9.
6
Suppose -7*j + 98 = -5*j. Suppose 26*f = 30*f - 52. What is the remainder when j is divided by f?
10
Let i = 35 - 22. Let s(b) = -9*b + 40. Let f be s(4). Suppose -f*g = -3*l - 240, 3*l = 2*g - l - 110. What is the remainder when g is divided by i?
11
Suppose -3*y - 5*j = -31, 2*y - 7*y + 5*j = -105. What is the remainder when 61 is divided by y?
10
Suppose 14 = 5*j + q + 4, 0 = j + 2*q - 2. Suppose y - j - 10 = 0. What is the remainder when y is divided by 8?
4
Let p be (-14)/(-28) + (-6)/(-8)*42. Let k = 125 - p. What is the remainder when k is divided by 12?
9
Suppose -20 = 9*r - 14*r. Calculate the remainder when 9 is divided by 6 - r - 2 - -3.
0
Let h(z) = z**3 - 31*z**2 - 10*z - 24. Calculate the remainder when h(32) is divided by 114.
110
Suppose -59 = -5*h - 34. Suppose x - 37 - 2 = h*o, -o - 55 = -x. Calculate the remainder when x is divided by 21.
17
Suppose 85 = 4*u + 53. Suppose -3*c = -u*c + 110. What is the remainder when c is divided by 6?
4
Let t(r) = 6*r - 5. Suppose -2*v + 18 = 4*z - 0*z, -2*z = 4*v - 18. What is the remainder when 36 is divided by t(z)?
10
Suppose 99 = -7*r - 11*r + 585. Let s(f) = 20*f**2 - 2. Calculate the remainder when s(2) is divided by r.
24
Suppose 0 = f + 2*f - 6. Suppose 0 = -f*i + 3 + 7. Suppose -i*u - 144 = -8*u. Calculate the remainder when u is divided by 10.
8
Let c be -1 - ((-245)/5 - 3). Let s(p) = -44*p. Let x be s(-3). Let w = x - c. What is the remainder when w is divided by 14?
11
Let q(d) = d**2 - d - 2. Let r be q(-3). Calculate the remainder when 105 is divided by ((5 - r) + -4)*-3.
24
Let g(p) = p**2 - 6*p + 7. Suppose j = -4 + 10. Calculate the remainder when 6/(-2)*39/(-9) is divided by g(j).
6
Let u(b) = b**3 - 9*b**2 + 3. Let w be u(9). Suppose -2*f + 138 = 3*p, 57 = -0*p + p - w*f. Calculate the remainder when 188 is divided by p.
44
Suppose -f + 7*o - 5 = 4*o, -f - 5*o + 27 = 0. Let y(s) = s**3 + s**2 + s + 22. Calculate the remainder when y(0) is divided by f.
1
Suppose 28 = c + 3*v, 3*c + 0*v - 68 = -v. Let k = c - 2. Let u(w) = 17*w + 249. What is the remainder when u(-10) is divided by k?
19
Let d = 1219 + -1147. Calculate the remainder when 278 is divided by d.
62
Suppose -32*z - 25991 = -111*z. Calculate the remainder when z is divided by 14.
7
Let j(y) = 7*y**2 - 2*y - 3. Suppose 0 = 2*z + 2*t - 0*t - 14, -33 = -3*z + t. What is the remainder when j(-4) is divided by z?
7
What is the remainder when 82 is divided by (30/3)/1 + 7?
14
Let o = -9 + 17. Let u = -10641 - -10645. Calculate the remainder when o is divided by u.
0
Let s(f) = -27*f - 262. Calculate the remainder when 77 is divided by s(-10).
5
Let t(x) = -x**2 + 6*x + 5. Let h be t(6). Suppose -57 = -4*w + 2*a - 21, 0 = -2*w - h*a + 18. Calculate the remainder when 34 is divided by w.
7
Suppose 24 = 8*c - 4*c. Let t = -12 + 35. What is the remainder when t is divided by c?
5
Suppose 15*p - 1113 = -6*p. Suppose -2*o + 3*o = -4*t + 43, 3*t = 3*o + 36. What is the remainder when p is divided by t?
9
Let a(m) = m**2 + 5*m + 5. Let g(z) = -3*z + 16. Let y be g(7). Calculate the remainder when 19 is divided by a(y).
4
Let v(p) = -p**3 - 13*p**2 - p + 20. Let k = -7 - -19. Calculate the remainder when v(-13) is divided by k.
9
Let d = -49 - -60. Let u = d + 24. Calculate the remainder when 99 is divided by u.
29
Let a be ((-132)/(-10))/(2/10). Suppose m + 14 = -3*x + a, -142 = -3*m - 2*x. Calculate the remainder when m is divided by (-2)/9 + 770/63.
10
Let q be -3*4/12*-2. Suppose 3*s - 5*u - 126 = q*s, u - 588 = -4*s. Suppose -5*f = -2*k + 159, f - 7 + s = 2*k. Calculate the remainder when k is divided by 17.
16
Let c(y) = 2*y - 9. Let w(o) = -6*o. Let p be w(-1). Calculate the remainder when 84/(-140) - (-215)/25 is divided by c(p).
2
Suppose -22*o - 2056 + 6258 = 0. Calculate the remainder when o is divided by -8*(-15)/(-10)*-4.
47
Let g be 1/(-4) - (-8)/32. Suppose g = 3*d + 18 - 6. Calculate the remainder when d/8*-44 - 3 is divided by 11.
8
Let q(i) = i**3 + 7*i**2 + 3. Let w be q(-7). Suppose 0 = -w*m + 1 + 11. Let y(l) = 9*l + 7. What is the remainder when y(m) is divided by 9?
7
Let l be ((-2)/(-6))/((-1)/(-18)). Let v = l + -2. Suppose v*o + 90 = 294. Calculate the remainder when o is divided by 13.
12
Let n = 25 - -67. Let r = 270 + -222. Calculate the remainder when n is divided by r.
44
Suppose 3*t = 3*c - 72, 3*t + 5*c + 22 = -18. Let p = t + 36. Calculate the remainder when 30 is divided by p.
14
Let u(y) = -6 - 9*y - 6*y - 1 - y**2. Calculate the remainder when u(-10) is divided by 11.
10
Let d = 3 - 3. Suppose 5 = -3*o - 2*t, 4*o + t + 6 - 1 = d. Calculate the remainder when 2 - o - (-1 - 5) is divided by 3.
0
Let v = -25 + -4. Let r = 36 + v. Suppose -8*m = -r*m - 5. Calculate the remainder when 7 is divided by m.
2
Let s be (-4 - (-3 - 0))*-1*19. What is the remainder when 79 is divided by (s - -1) + (-1 - -1*2)?
16
Let n = 66 - 32. Calculate the remainder when 200 is divided by n.
30
Let i(b) = 2*b**2 + 4*b + 3. Suppose 3*x = -2*c - 3*c + 109, x - 23 = c. Let r = 29 - x. What is the remainder when i(-2) is divided by r?
0
Suppose -7*n - 5*n + 276 = 0. Calculate the remainder when 226 is divided by n.
19
Let u be (0/(-2))/((-4)/2). Suppose 4*x + 4 = -u*x, x - 59 = -4*y. Calculate the remainder when 32 is divided by y.
2
Let i be 119/9*8 - 10/(-45). Suppose 14*d - i = 12*d. Calculate the remainder when d is divided by 11.
9
Let z(s) = -30*s - 358. What is the remainder when 168 is div